f 21 and 2688?
21
Calculate the greatest common factor of 6 and 512.
2
What is the greatest common divisor of 63 and 315?
63
Calculate the greatest common factor of 344 and 584.
8
Calculate the highest common divisor of 2552 and 132.
44
What is the greatest common divisor of 9 and 84?
3
What is the greatest common divisor of 37 and 37?
37
What is the greatest common factor of 9 and 18?
9
What is the highest common divisor of 11448 and 504?
72
Calculate the highest common factor of 9 and 10674.
9
Calculate the highest common divisor of 8 and 344.
8
What is the greatest common factor of 2368 and 74?
74
Calculate the greatest common divisor of 652 and 4.
4
What is the highest common factor of 10 and 14?
2
Calculate the highest common factor of 60 and 1905.
15
What is the greatest common factor of 578 and 238?
34
What is the highest common divisor of 61 and 4026?
61
Calculate the highest common factor of 44 and 220.
44
Calculate the greatest common factor of 164 and 738.
82
What is the highest common factor of 405 and 15?
15
Calculate the highest common factor of 187 and 1003.
17
Calculate the highest common divisor of 667 and 87.
29
What is the highest common divisor of 48321 and 78?
39
What is the greatest common divisor of 1075 and 5?
5
Calculate the greatest common factor of 22 and 418.
22
What is the greatest common factor of 407 and 259?
37
What is the highest common factor of 11 and 1375?
11
What is the highest common factor of 38 and 1178?
38
What is the greatest common factor of 49 and 1127?
49
Calculate the greatest common divisor of 5 and 19650.
5
What is the highest common factor of 352 and 6424?
88
What is the highest common divisor of 78 and 18?
6
What is the greatest common divisor of 282 and 12?
6
What is the greatest common divisor of 8 and 14?
2
Calculate the greatest common divisor of 900 and 54.
18
What is the greatest common factor of 1144 and 2?
2
What is the greatest common factor of 493 and 667?
29
Calculate the greatest common divisor of 13 and 143.
13
Calculate the highest common divisor of 1176 and 3969.
147
What is the greatest common factor of 196 and 4816?
28
What is the greatest common divisor of 950 and 285?
95
What is the highest common factor of 91 and 156?
13
Calculate the highest common factor of 6 and 7374.
6
What is the highest common factor of 394 and 44325?
197
Calculate the highest common divisor of 1304 and 24.
8
Calculate the greatest common factor of 12 and 36.
12
Calculate the highest common factor of 36 and 728.
4
What is the highest common factor of 44 and 1408?
44
Calculate the highest common divisor of 28 and 3794.
14
Calculate the greatest common factor of 7061 and 115.
23
What is the highest common divisor of 1271 and 341?
31
Calculate the highest common divisor of 43 and 473.
43
Calculate the highest common divisor of 12 and 45984.
12
What is the highest common divisor of 400 and 14600?
200
What is the greatest common factor of 102 and 12801?
51
What is the highest common divisor of 379 and 1?
1
Calculate the highest common divisor of 132 and 484.
44
Calculate the greatest common factor of 96 and 78.
6
What is the highest common factor of 58 and 14848?
58
What is the greatest common divisor of 6762 and 230?
46
Calculate the highest common divisor of 352 and 160.
32
What is the highest common factor of 1650 and 66?
66
Calculate the highest common factor of 128 and 29824.
128
Calculate the highest common factor of 1606 and 198.
22
Calculate the highest common factor of 190 and 418.
38
What is the greatest common factor of 264 and 1008?
24
Calculate the greatest common divisor of 189 and 77.
7
What is the highest common divisor of 1395 and 63?
9
What is the greatest common factor of 668 and 12?
4
Calculate the greatest common divisor of 36 and 132.
12
Calculate the greatest common divisor of 17088 and 1869.
267
What is the greatest common divisor of 2100 and 84?
84
What is the greatest common divisor of 34 and 1071?
17
What is the greatest common divisor of 16 and 1176?
8
What is the greatest common factor of 38 and 2584?
38
Calculate the highest common divisor of 13394 and 222.
74
Calculate the greatest common factor of 30 and 110.
10
What is the greatest common divisor of 19 and 209?
19
Calculate the highest common divisor of 496 and 1519.
31
Calculate the greatest common factor of 779 and 738.
41
What is the highest common divisor of 40 and 2810?
10
What is the greatest common factor of 16 and 12?
4
What is the greatest common divisor of 2295 and 1080?
135
What is the highest common factor of 6647 and 46?
23
What is the highest common factor of 228 and 552?
12
What is the greatest common divisor of 3351 and 3?
3
Calculate the highest common factor of 24 and 160.
8
What is the greatest common divisor of 81 and 39?
3
What is the highest common divisor of 162 and 144?
18
Calculate the highest common factor of 4788 and 90.
18
What is the highest common divisor of 1372 and 882?
98
What is the highest common divisor of 567 and 15?
3
Calculate the highest common factor of 992 and 12.
4
Calculate the highest common factor of 153 and 3519.
153
Calculate the greatest common divisor of 1020 and 9860.
340
What is the highest common divisor of 63 and 1737?
9
What is the highest common divisor of 297 and 63?
9
What is the greatest common divisor of 119 and 7?
7
Calculate the highest common factor of 292 and 4.
4
Calculate the highest common factor of 99 and 253.
11
What is the highest common factor of 550 and 990?
110
Calculate the highest common factor of 27 and 303.
3
What is the greatest common divisor of 170 and 3380?
10
What is the highest common factor of 1047 and 3?
3
Calculate the greatest common divisor of 2842 and 174.
58
Calculate the highest common factor of 152 and 209.
19
Calculate the greatest common divisor of 47 and 4.
1
Calculate the greatest common factor of 6780 and 36.
12
What is the greatest common factor of 14933 and 218?
109
Calculate the highest common divisor of 21 and 33.
3
Calculate the highest common divisor of 160 and 112.
16
Calculate the highest common factor of 6347 and 121.
11
Calculate the greatest common divisor of 119 and 15113.
119
Calculate the greatest common divisor of 498 and 12533.
83
Calculate the highest common factor of 1638 and 910.
182
Calculate the greatest common divisor of 357 and 231.
21
Calculate the greatest common factor of 6 and 6.
6
What is the highest common factor of 173 and 23701?
173
Calculate the highest common factor of 122 and 9638.
122
Calculate the highest common factor of 205 and 5.
5
What is the greatest common factor of 60 and 12?
12
What is the highest common factor of 99 and 11187?
99
What is the highest common divisor of 34 and 170?
34
What is the greatest common factor of 981 and 109?
109
What is the highest common divisor of 555 and 30?
15
Calculate the highest common factor of 280 and 448.
56
Calculate the highest common divisor of 48 and 90.
6
Calculate the highest common divisor of 70 and 322.
14
Calculate the greatest common divisor of 61 and 16897.
61
What is the highest common factor of 184 and 529?
23
Calculate the highest common factor of 340 and 50.
10
Calculate the highest common divisor of 205 and 22140.
205
Calculate the greatest common factor of 225 and 747.
9
What is the greatest common divisor of 6 and 375?
3
What is the greatest common factor of 250 and 5875?
125
Calculate the highest common divisor of 2625 and 21.
21
Calculate the greatest common factor of 39 and 741.
39
Calculate the highest common factor of 710 and 260.
10
Calculate the greatest common factor of 36 and 212.
4
What is the highest common divisor of 245 and 203?
7
Calculate the greatest common factor of 33 and 33.
33
What is the highest common divisor of 89 and 5251?
89
Calculate the highest common factor of 3 and 51.
3
What is the highest common factor of 16 and 848?
16
Calculate the highest common factor of 475 and 100.
25
Calculate the greatest common divisor of 2680 and 40.
40
What is the greatest common divisor of 98 and 1078?
98
What is the highest common factor of 15994 and 22?
22
What is the greatest common factor of 6 and 282?
6
Calculate the greatest common factor of 2966 and 4.
2
What is the highest common factor of 40 and 65?
5
What is th